
Calculate the highest common divisor of 269 and 162545671.
269
Calculate the greatest common factor of 254709364 and 8645.
1729
What is the greatest common factor of 169536 and 19616?
32
Calculate the highest common divisor of 230769 and 1813.
259
What is the highest common divisor of 19686 and 642690?
1158
What is the highest common factor of 1457 and 337844789?
1457
What is the highest common factor of 2943460 and 340?
20
What is the greatest common factor of 20 and 115645660?
20
What is the highest common factor of 1089860 and 20?
20
Calculate the greatest common divisor of 66 and 1907420526.
66
What is the greatest common factor of 94183 and 21776101?
4957
Calculate the highest common factor of 20923329 and 28.
7
What is the greatest common divisor of 43155 and 2464245?
315
What is the highest common factor of 102483 and 500063?
193
What is the greatest common factor of 2074831 and 748?
11
What is the greatest common factor of 51940 and 56644?
196
Calculate the highest common divisor of 339 and 53418.
3
What is the greatest common factor of 44708112 and 26244?
2916
Calculate the greatest common divisor of 8 and 42138232.
8
What is the highest common factor of 2097015 and 4470?
15
What is the highest common factor of 20818 and 8407?
7
Calculate the greatest common divisor of 357936956 and 52.
52
What is the highest common divisor of 53001647 and 116?
29
Calculate the highest common divisor of 70694985 and 3105.
345
Calculate the greatest common factor of 115534472 and 10930.
2186
Calculate the greatest common factor of 10238517 and 9.
9
What is the highest common divisor of 78762112 and 3328?
1664
Calculate the greatest common divisor of 104 and 8239257.
13
What is the highest common factor of 46 and 99245?
23
Calculate the greatest common divisor of 6656 and 9412416.
832
What is the highest common divisor of 348 and 1280176?
116
What is the highest common factor of 1614 and 184793047?
269
Calculate the greatest common factor of 248 and 12479422.
62
What is the greatest common divisor of 21144 and 70300276?
3524
Calculate the greatest common factor of 6552971 and 2449.
79
What is the highest common divisor of 767001 and 243?
3
What is the highest common factor of 288 and 1057712736?
96
Calculate the highest common divisor of 7179 and 229424089.
2393
What is the greatest common factor of 937342 and 1356526?
5822
Calculate the greatest common divisor of 11584 and 6903872.
64
What is the greatest common divisor of 22883466 and 12030?
2406
What is the greatest common factor of 37023 and 1310442?
861
Calculate the greatest common divisor of 1792 and 53095168.
1792
What is the highest common divisor of 515159 and 7268?
79
Calculate the highest common divisor of 744 and 14869212.
372
What is the highest common divisor of 56405484 and 18?
18
Calculate the greatest common factor of 685590 and 1230.
30
What is the greatest common factor of 38742 and 15774?
66
What is the highest common factor of 125 and 40822400?
25
What is the greatest common factor of 6837 and 751328?
53
What is the highest common factor of 112957 and 46657?
13
What is the highest common factor of 106930 and 58551094?
1258
What is the highest common divisor of 620 and 14743910?
310
What is the highest common factor of 596141619 and 642?
321
What is the highest common divisor of 2750 and 1350?
50
What is the greatest common factor of 2181 and 8643?
3
What is the highest common factor of 155317605 and 2?
1
What is the greatest common factor of 1693372 and 94750?
758
What is the highest common factor of 2075290 and 105?
35
What is the highest common divisor of 666338068 and 328?
164
What is the greatest common divisor of 10690947 and 1157?
89
What is the highest common divisor of 2632846 and 10058?
94
What is the greatest common divisor of 390 and 1435506?
6
What is the greatest common factor of 2466750 and 8360?
110
What is the greatest common divisor of 1485 and 9828243?
27
What is the highest common factor of 736 and 41632?
32
Calculate the greatest common divisor of 14996 and 24245272.
652
Calculate the greatest common divisor of 15566 and 530878.
86
Calculate the highest common divisor of 46 and 519658987.
23
Calculate the greatest common factor of 149300 and 58700.
100
Calculate the greatest common divisor of 293317 and 3699.
137
Calculate the greatest common factor of 2787 and 329795.
929
What is the highest common divisor of 60042 and 29616?
6
What is the greatest common factor of 55 and 96442368?
11
What is the greatest common divisor of 991 and 1124830586?
991
Calculate the highest common divisor of 4550903 and 168833.
1897
What is the greatest common factor of 104 and 93865239?
13
Calculate the greatest common factor of 174585438 and 18.
18
What is the greatest common divisor of 5192 and 18299204?
2596
Calculate the highest common factor of 103503328 and 8.
8
What is the greatest common divisor of 12440 and 371080?
40
What is the greatest common divisor of 13999489 and 203?
203
Calculate the greatest common factor of 29700 and 12844700.
1100
What is the greatest common divisor of 2752 and 75381408?
1376
Calculate the highest common divisor of 26014406 and 44.
22
Calculate the greatest common factor of 2718 and 33943743.
1359
Calculate the highest common factor of 20 and 3563095.
5
Calculate the greatest common divisor of 8063697 and 3.
3
What is the greatest common factor of 483698116 and 44?
44
Calculate the highest common factor of 68 and 799764.
4
Calculate the greatest common factor of 1427178270 and 10.
10
What is the greatest common factor of 671599 and 768991?
2029
What is the highest common factor of 1953293518 and 11?
11
What is the greatest common factor of 237 and 33951?
3
What is the highest common factor of 8406 and 21024?
18
What is the highest common factor of 10090 and 17610?
10
Calculate the highest common divisor of 32701854 and 606.
6
Calculate the greatest common factor of 55877100 and 456.
228
Calculate the highest common divisor of 5324 and 377476.
44
What is the highest common factor of 236664 and 296?
8
What is the greatest common factor of 33496 and 22424?
8
Calculate the highest common divisor of 18210 and 26770521.
1821
Calculate the greatest common factor of 2122 and 110846914.
2122
Calculate the highest common factor of 3422 and 10500262.
58
Calculate the highest common divisor of 124 and 124123876.
124
Calculate the highest common factor of 112 and 769548388.
28
Calculate the highest common factor of 1710 and 2809530.
1710
Calculate the greatest common factor of 48420763 and 2867.
2867
What is the highest common divisor of 37249990 and 1049?
1049
What is the highest common divisor of 21807142 and 14?
14
What is the highest common divisor of 23920 and 38052235?
1495
What is the greatest common factor of 41891 and 2485190?
257
What is the highest common divisor of 23472 and 722736?
144
What is the highest common divisor of 94 and 19317?
47
What is the highest common divisor of 504 and 2482074?
126
Calculate the highest common factor of 35183 and 5892775.
151
What is the highest common divisor of 13950 and 26286450?
4650
Calculate the highest common factor of 49667346 and 18.
18
What is the highest common divisor of 501228 and 196?
28
Calculate the greatest common factor of 11690 and 21035.
35
Calculate the greatest common divisor of 1525 and 3390575.
25
Calculate the greatest common factor of 20601641 and 1993.
1993
What is the highest common factor of 10275 and 392916?
411
What is the greatest common factor of 1888619 and 17233?
19
What is the highest common divisor of 72188826 and 12?
6
What is the greatest common factor of 1731937 and 9?
1
Calculate the highest common factor of 139997 and 34424.
13
Calculate the highest common divisor of 1422600 and 16600.
200
Calculate the highest common factor of 82051234 and 570.
38
What is the highest common divisor of 7933236 and 24?
12
What is the highest common factor of 1800799024 and 608?
304
What is the greatest common factor of 538180 and 2126190?
3790
What is the highest common factor of 2967729281 and 22?
11
What is the greatest common factor of 62972725 and 24737?
853
What is the highest common factor of 722 and 240984676?
38
What is the highest common factor of 147421269 and 458?
229
What 